ommon factor of 60 and 126570?
30
Calculate the highest common factor of 6310 and 390.
10
Calculate the greatest common divisor of 1164 and 1099592.
388
What is the greatest common factor of 82 and 1336600?
82
Calculate the highest common divisor of 2278 and 8978.
134
What is the highest common divisor of 107 and 73?
1
What is the greatest common divisor of 14 and 3303860?
14
Calculate the highest common factor of 151545 and 15.
15
Calculate the highest common factor of 314611 and 3663.
407
What is the highest common factor of 437909 and 1?
1
Calculate the highest common divisor of 4218 and 2166.
114
What is the greatest common divisor of 898764 and 36?
12
What is the greatest common divisor of 136838 and 3952?
494
Calculate the highest common divisor of 36167 and 708.
59
What is the greatest common factor of 103932 and 36?
36
What is the highest common divisor of 96 and 10884?
12
What is the highest common factor of 21 and 581?
7
What is the greatest common factor of 19270 and 138990?
410
What is the greatest common divisor of 2232 and 288?
72
Calculate the greatest common factor of 160735 and 155.
155
What is the highest common factor of 711 and 810?
9
Calculate the highest common divisor of 60888 and 16284.
708
Calculate the highest common factor of 68519 and 2.
1
What is the highest common divisor of 1484 and 266?
14
Calculate the greatest common divisor of 72423 and 1482.
39
Calculate the greatest common factor of 4071 and 67968.
177
Calculate the highest common divisor of 216 and 887688.
72
What is the greatest common divisor of 5730 and 35?
5
Calculate the highest common divisor of 1270 and 41.
1
What is the greatest common factor of 6848 and 1600?
64
Calculate the greatest common factor of 8308 and 3317.
31
What is the greatest common divisor of 36837 and 36?
9
What is the highest common factor of 42 and 317568?
6
Calculate the greatest common divisor of 171 and 130017.
57
Calculate the highest common divisor of 125214 and 246.
246
Calculate the greatest common divisor of 22823 and 261.
29
Calculate the greatest common factor of 633 and 26375.
211
What is the greatest common divisor of 3090 and 190?
10
What is the highest common factor of 632 and 131930?
158
Calculate the highest common factor of 7 and 107660.
7
Calculate the greatest common factor of 230 and 122084.
46
Calculate the greatest common factor of 475 and 2075.
25
Calculate the greatest common divisor of 46182 and 387.
129
What is the highest common divisor of 369 and 89721?
9
Calculate the greatest common divisor of 6345 and 279885.
705
Calculate the highest common factor of 60 and 29190.
30
What is the highest common divisor of 992953 and 1326?
221
Calculate the greatest common divisor of 20 and 32954.
2
Calculate the greatest common factor of 133 and 60135.
19
What is the highest common factor of 60965 and 18084?
137
What is the greatest common divisor of 387 and 2187?
9
What is the highest common divisor of 828 and 571113?
207
Calculate the highest common factor of 5474 and 15479.
23
Calculate the highest common divisor of 1683 and 901.
17
What is the highest common factor of 4352 and 27302?
34
What is the highest common divisor of 555 and 495171?
111
Calculate the greatest common factor of 27 and 73044.
9
What is the highest common factor of 25 and 3232025?
25
What is the greatest common divisor of 346654 and 88?
22
Calculate the greatest common factor of 2262 and 30732.
78
What is the highest common factor of 462 and 5170?
22
Calculate the greatest common divisor of 1653 and 5187.
57
What is the greatest common divisor of 88859 and 51?
17
What is the greatest common divisor of 30423 and 3?
3
What is the greatest common factor of 73627 and 61?
61
Calculate the highest common divisor of 2011179 and 174.
87
What is the highest common factor of 12888 and 75024?
72
Calculate the highest common divisor of 28946 and 656.
82
Calculate the highest common factor of 578032 and 448.
112
What is the highest common factor of 29512 and 132277?
527
Calculate the greatest common divisor of 1846 and 6266.
26
Calculate the highest common factor of 1648 and 781976.
824
What is the highest common divisor of 16384 and 416?
32
What is the highest common divisor of 96144 and 64?
16
Calculate the greatest common divisor of 175 and 42200.
25
Calculate the highest common divisor of 16967 and 57.
19
Calculate the greatest common factor of 1492 and 4849.
373
What is the highest common divisor of 116856 and 1464?
24
Calculate the greatest common divisor of 3087 and 11871.
9
What is the greatest common factor of 472 and 20591?
59
Calculate the greatest common divisor of 183 and 226859.
61
Calculate the highest common divisor of 3210 and 1869290.
1070
What is the greatest common factor of 560211 and 353?
353
Calculate the highest common factor of 924 and 3486.
42
What is the greatest common divisor of 44576 and 672?
224
Calculate the greatest common divisor of 39 and 1170104.
13
What is the greatest common factor of 43521 and 11481?
267
Calculate the greatest common divisor of 863 and 678318.
863
What is the greatest common divisor of 91 and 336427?
91
Calculate the highest common factor of 1199910 and 5520.
690
Calculate the highest common divisor of 165 and 242165.
55
Calculate the greatest common divisor of 10028 and 524.
4
What is the highest common divisor of 3565 and 45885?
115
Calculate the greatest common factor of 1410955 and 8860.
2215
Calculate the greatest common divisor of 112 and 363146.
14
Calculate the greatest common factor of 33192 and 6984.
72
What is the greatest common divisor of 187450 and 50?
50
What is the greatest common factor of 3372 and 805346?
562
What is the highest common factor of 22145 and 86?
43
What is the highest common factor of 2993 and 42121?
73
Calculate the highest common divisor of 5108 and 3719901.
1277
Calculate the greatest common factor of 558245 and 13995.
1555
Calculate the highest common factor of 160136 and 1184.
296
Calculate the greatest common divisor of 76413 and 3.
3
Calculate the greatest common factor of 1250 and 230.
10
What is the highest common divisor of 304987 and 1582?
113
Calculate the highest common factor of 1212 and 70599.
303
Calculate the greatest common divisor of 147576 and 396.
132
What is the greatest common factor of 11724 and 498?
6
Calculate the highest common divisor of 520 and 3159.
13
What is the greatest common divisor of 183937 and 13?
13
What is the highest common factor of 12 and 722400?
12
What is the greatest common divisor of 363 and 2505?
3
Calculate the greatest common divisor of 3560 and 23941.
89
What is the highest common divisor of 112 and 370188?
28
Calculate the highest common factor of 33 and 109494.
33
What is the greatest common factor of 30755 and 15?
5
Calculate the greatest common divisor of 47 and 8881449.
47
What is the greatest common factor of 95460 and 86?
86
Calculate the highest common divisor of 288 and 249912.
72
What is the greatest common factor of 349288 and 32?
8
What is the highest common factor of 1115 and 64224?
223
What is the greatest common factor of 17775 and 79?
79
What is the highest common factor of 97 and 499259?
97
Calculate the greatest common factor of 13 and 1233089.
13
What is the greatest common factor of 4345232 and 59?
59
What is the greatest common divisor of 144811 and 716?
179
What is the greatest common factor of 1644 and 41244?
12
Calculate the greatest common divisor of 15 and 13465.
5
Calculate the greatest common factor of 327873 and 1248.
39
What is the highest common divisor of 27 and 219132?
27
What is the greatest common factor of 236264 and 112?
56
What is the highest common divisor of 12200 and 260165?
305
Calculate the greatest common divisor of 1460 and 1050.
10
Calculate the highest common factor of 8571276 and 1204.
1204
What is the greatest common factor of 938 and 3122?
14
What is the greatest common divisor of 5136 and 2352?
48
Calculate the highest common divisor of 651429 and 621.
621
Calculate the highest common factor of 793474 and 352.
22
Calculate the greatest common divisor of 430833 and 156.
39
What is the greatest common factor of 40499 and 13?
1
Calculate the highest common factor of 15 and 614160.
15
What is the highest common diviso